divide 318732?
False
Does 3 divide 2116?
False
Is 494072 a multiple of 50?
False
Does 70 divide 14038080?
True
Does 6 divide 279152?
False
Is 11479840 a multiple of 160?
True
Is 808 a factor of 2174328?
True
Does 10 divide 170480?
True
Is 2637454 a multiple of 202?
False
Does 21 divide 5415340?
False
Is 67 a factor of 109973?
False
Does 22 divide 2131624?
True
Is 173 a factor of 278517?
False
Does 592 divide 2016847?
False
Is 2 a factor of 34800?
True
Is 33 a factor of 169134?
False
Is 365150 a multiple of 8?
False
Does 6 divide 141163?
False
Does 137 divide 9661103?
True
Does 179 divide 197359?
False
Is 15 a factor of 3103905?
True
Is 539 a factor of 18908120?
True
Is 62 a factor of 476098?
True
Is 100 a factor of 737900?
True
Is 48347 a multiple of 25?
False
Is 144 a factor of 91253?
False
Is 214587 a multiple of 73?
False
Does 13 divide 89686?
False
Is 111 a factor of 463061?
False
Is 31737 a multiple of 8?
False
Is 41 a factor of 197825?
True
Does 962 divide 9168822?
True
Is 8 a factor of 704696?
True
Does 8 divide 274035?
False
Does 927 divide 183546?
True
Is 668290 a multiple of 10?
True
Is 927 a factor of 4907510?
False
Is 30 a factor of 3617940?
True
Is 3944525 a multiple of 41?
False
Is 102089 a multiple of 13?
True
Is 440177 a multiple of 166?
False
Does 93 divide 86118?
True
Does 65 divide 6697145?
True
Does 8 divide 683440?
True
Is 83037 a multiple of 9?
False
Is 6 a factor of 20184?
True
Is 120873 a multiple of 26?
False
Is 64 a factor of 202989?
False
Is 88890 a multiple of 10?
True
Is 3016546 a multiple of 13?
True
Is 8496 a multiple of 4?
True
Is 2170611 a multiple of 51?
True
Does 16 divide 544560?
True
Is 97 a factor of 765927?
False
Is 9122404 a multiple of 34?
True
Is 8039649 a multiple of 909?
False
Does 14 divide 144396?
True
Is 2594 a multiple of 4?
False
Is 222 a factor of 1722799?
False
Is 2521464 a multiple of 12?
True
Is 35831655 a multiple of 15?
True
Does 266 divide 10709958?
True
Does 5 divide 40755?
True
Is 26 a factor of 198803?
False
Is 18024150 a multiple of 2246?
True
Does 38 divide 184574?
False
Is 235 a factor of 4935?
True
Is 181696 a multiple of 60?
False
Is 83 a factor of 19837?
True
Does 136 divide 1265490?
False
Is 12334296 a multiple of 104?
True
Does 18 divide 59755?
False
Is 528 a factor of 1204896?
True
Is 2924813 a multiple of 13?
False
Does 25 divide 269225?
True
Does 48 divide 24720?
True
Does 22 divide 65142?
True
Is 35 a factor of 572985?
True
Is 469 a factor of 349405?
True
Is 652 a factor of 182976?
False
Is 34 a factor of 311372?
True
Is 623380 a multiple of 15?
False
Is 58 a factor of 2804368?
False
Does 13 divide 466650?
False
Does 34 divide 201960?
True
Is 44 a factor of 499272?
False
Is 1234182 a multiple of 58?
True
Does 47 divide 4711703?
True
Does 19 divide 107601?
False
Is 15 a factor of 1166430?
True
Is 334 a factor of 222689?
False
Is 9 a factor of 548892?
True
Is 257 a factor of 10080568?
True
Is 4330388 a multiple of 65?
False
Does 68 divide 1298991?
False
Is 13319 even?
False
Is 3769686 a multiple of 24?
False
Does 47 divide 386857?
True
Is 26 a factor of 146952?
True
Is 12 a factor of 379559?
False
Does 117 divide 6902423?
False
Does 179 divide 876205?
True
Is 125 a factor of 15286?
False
Is 33 a factor of 530834?
False
Is 29 a factor of 215267?
True
Is 66 a factor of 1222148?
False
Is 30 a factor of 481050?
True
Does 48 divide 539429?
False
Is 80587 a multiple of 13?
True
Is 469377 a multiple of 3?
True
Does 9 divide 13272?
False
Does 636 divide 2107704?
True
Is 5807509 a multiple of 239?
False
Is 12 a factor of 1409893?
False
Is 339710 a multiple of 7?
True
Is 1164699 a multiple of 9?
True
Is 96300 a multiple of 50?
True
Is 64 a factor of 621696?
True
Does 10 divide 2156080?
True
Does 72 divide 186912?
True
Is 12 a factor of 29685?
False
Does 34 divide 5973665?
False
Is 143 a factor of 1163877?
True
Is 1802023 a multiple of 43?
False
Is 486 a factor of 3100674?
False
Is 124565 a multiple of 62?
False
Is 89250 a multiple of 150?
True
Does 59 divide 8109835?
False
Is 58 a factor of 313534?
False
Is 46 a factor of 3942246?
True
Is 1313231 a multiple of 7?
False
Is 701 a multiple of 701?
True
Is 8947 a multiple of 8?
False
Is 5650881 a multiple of 169?
False
Is 218955 a multiple of 412?
False
Is 3 a factor of 512058?
True
Does 57 divide 91656?
True
Is 4 a factor of 535378?
False
Does 10 divide 158186?
False
Does 63 divide 213365?
False
Does 12 divide 43403?
False
Is 4325409 a multiple of 5?
False
Is 609485 a multiple of 107?
False
Does 48 divide 671664?
True
Is 17 a factor of 251787?
True
Does 20 divide 609810?
False
Does 4 divide 1514900?
True
Is 11 a factor of 35222?
True
Is 106 a factor of 1896552?
True
Does 3 divide 1394823?
True
Is 451793 a multiple of 47?
False
Is 27 a factor of 2244521?
False
Does 79 divide 181701?
False
Is 5 a factor of 1051240?
True
Is 191591 a multiple of 50?
False
Does 18 divide 106482?
False
Is 7 a factor of 102145?
False
Does 8 divide 165691?
False
Does 38 divide 240154?
False
Is 2740836 a multiple of 201?
True
Is 31 a factor of 5725483?
True
Does 19 divide 765662?
True
Is 105 a factor of 348180?
True
Does 338 divide 429862?
False
Does 327 divide 15975585?
True
Does 289 divide 1052617?
False
Is 9023996 a multiple of 703?
False
Does 20 divide 120820?
True
Does 17 divide 27438?
True
Does 23 divide 3362462?
True
Is 2163337 a multiple of 293?
False
Is 124 a factor of 3075324?
True
Is 541697 a multiple of 183?
False
Is 105000 a multiple of 38?
False
Is 202062 a multiple of 283?
True
Does 287 divide 175644?
True
Is 25012548 a multiple of 66?
True
Is 44370 a multiple of 170?
True
Does 11 divide 844049?
False
Is 4080606 a multiple of 1061?
True
Does 565 divide 390651?
False
Is 95 a factor of 8504?
False
Is 13 a factor of 2370849?
True
Does 293 divide 609942?
False
Does 222 divide 36408?
True
Is 1540 a multiple of 60?
False
Does 300 divide 750900?
True
Is 78300 a multiple of 116?
True
Is 18291 a multiple of 21?
True
Is 59709 a multiple of 322?
False
Does 366 divide 3093405?
False
Is 299302 a multiple of 23?
False
Is 484764 a multiple of 21?
True
Is 982 a factor of 2261061?
False
Is 156 a factor of 643812?
True
Does 208 divide 522704?
True
Is 4 a factor of 65873?
False
Does 280 divide 1690360?
True
Is 11749815 a multiple of 99?
True
Is 192456 a multiple of 11?
True
Does 43 divide 261526?
True
Does 44 divide 167753?
False
Is 229 a factor of 131704?
False
Does 8 divide 14546?
False
Does 153 divide 201594?
False
Is 4258766 a multiple of 29?
True
Is 3012299 a multiple of 16?
False
Does 61 divide 843203?
True
Is 357 a factor of 1144735?
False
Is 17898770 a multiple of 1317?
False
Is 13 a factor of 7902?
False
Is 10 a factor of 52120?
True
Is 294562 a multiple of 43?
False
Is 9 a factor of 1131?
False
Does 53 divide 3702213?
False
Is 123220 a multiple of 211?
False
Is 281 a factor of 270846?
False
Is 113 a factor of 529577?
False
Does 197 divide 45507?
True
Does 359 divide 1336970?
False
Is 370 a factor of 404354?
False
Is 79 a factor of 2235937?
True
Is 5892 a multiple of 32?
False
Does 356 divide 11062700?
True
Does 454 divide 603038?
False
Is 13 a factor of 185042?
True
Is 84 a factor of 1043364?
True
Is 618079 a multiple of 23?
True
Is 42 a factor of 1825572?
True
Does 6 divide 353850?
True
Does 2 divide 18500?
True
Does 3 divide 287955?
True
Does 51 divide 596648?
False
Is 1202 a factor of 6998044?
True
Does 555 divide 168785?
False
Is 129 a factor of 846805?
False
Is 22 a factor of 416466?
False
Does 11 divide 699996?
True
Is 400192 a multiple of 208?
True
Does 9 divide 1281588?
False
Does 223 divide 2670830?
False
Does 398 divide 2076897?
False
Is 330 a factor of 154110?
True
Is 3494556 a multiple of 393?
True
Is 7101713 a multiple of 127?
True
Is 427581 a multiple of 118?
False
Is 14183662 a multiple of 43?
False
Is 593224 a multiple of 323?
False
Does 67 divide 1970068?
True
Does 7 divide 47958?
False
Is 5327153 a multiple of 826?
False
Does 370 divide 317090?
True
Is 140 a factor of 41935?
False
Does 48 divide 66808?
False
Does 431 divide 1154218?
True
Is 469 a factor of 2583914?
False
Does 32 divide 515744?
True
Is 18 a factor of 11205?
False
Is 722614 a multiple of 23?
True
Is 1610887 a multiple of 29?
False
Is 1978579 a multiple of 203?
False
Is 2